{"id":419,"date":"2025-03-13T21:46:23","date_gmt":"2025-03-13T21:46:23","guid":{"rendered":"https:\/\/bozani.org\/?page_id=419"},"modified":"2026-01-16T10:51:06","modified_gmt":"2026-01-16T10:51:06","slug":"%d8%a7%d9%84%d8%b3%d9%8a%d8%b1%d8%a9-%d8%a7%d9%84%d8%b0%d8%a7%d8%aa%d9%8a%d8%a9","status":"publish","type":"page","link":"https:\/\/bozani.org\/kmr\/%d8%a7%d9%84%d8%b3%d9%8a%d8%b1%d8%a9-%d8%a7%d9%84%d8%b0%d8%a7%d8%aa%d9%8a%d8%a9\/","title":{"rendered":"CV"},"content":{"rendered":"<figure class=\"wp-block-image size-full\"><img loading=\"lazy\" decoding=\"async\" width=\"629\" height=\"395\" src=\"https:\/\/bozani.org\/wp-content\/uploads\/2026\/01\/856884Image1-edited.jpg\" alt=\"\" class=\"wp-image-942\" srcset=\"https:\/\/bozani.org\/wp-content\/uploads\/2026\/01\/856884Image1-edited.jpg 629w, https:\/\/bozani.org\/wp-content\/uploads\/2026\/01\/856884Image1-edited-300x188.jpg 300w, https:\/\/bozani.org\/wp-content\/uploads\/2026\/01\/856884Image1-edited-18x12.jpg 18w\" sizes=\"auto, (max-width: 629px) 100vw, 629px\" \/><\/figure>\n\n\n\n<h2 style=\"text-align: center;\">Xeyr\u00ee Bozan\u00ee (KHAIRI BOZANI)<\/h2>\n<p style=\"text-align: center;\"><strong>Nav\u00ea Temam:<\/strong> Xeyr\u00ee Ilyas El\u00ee Hesen Al \u00ceso<br>\n<strong>D\u00eerok \u00fb Cih\u00ea Jidayikb\u00fbn\u00ea:<\/strong> 01-07-1970, Gund\u00ea Bozan, Nahiya Elq\u00fb\u015f, Par\u00eazgeha Neynewa, \u00ceraq.<\/p>\n\n<hr \/>\n\n<h3>Xwendin \u00fb Perwerde<\/h3>\n<ul>\n<li><strong>Niha:<\/strong> L\u00eakol\u00eener\u00ea Doktoray\u00ea di P\u00eawendiy\u00ean Navdewlet\u00ee de, Zan\u00eengeha Rojhilata N\u00eaz\u00eek (Near East University), N\u00eekosiya, Qibris.<\/li>\n<li><strong>2023:<\/strong> Master di P\u00eawendiy\u00ean Navdewlet\u00ee de (Navn\u00ee\u015fana Namey\u00ea: H\u00eaza Nerm di Siyaseta Navdewlet\u00ee de - Stratejiya \u00c7\u00een\u00ea wek\u00ee m\u00eenak), Zan\u00eengeha Rojhilata N\u00eaz\u00eek, N\u00eekosiya, Qibris.<\/li>\n<li><strong>1995:<\/strong> Bekaloryos di Ziman \u00fb Edebiyata Kurd\u00ee de, Kol\u00eaja Adab\u00ea, Zan\u00eengeha Selahed\u00een, Hewl\u00ear.<\/li>\n<\/ul>\n\n<h3>Ezm\u00fbna Kar\u00ee \u00fb Post\u00ean Hik\u00fbm\u00ee<\/h3>\n<ul>\n<li><strong>Niha:<\/strong> Raw\u00eajkar li Serokayetiya Her\u00eama Kurdistan\u00ea.<\/li>\n<li><strong>2022 &#8211; 2023:<\/strong> Raw\u00eajkar\u00ea Kar\u00fbbar\u00ean \u00cazidiyan li Wezareta Endewqaf \u00fb Kar\u00fbbar\u00ean Ay\u00een\u00ee, Hik\u00fbmeta Her\u00eama Kurdistan\u00ea.<\/li>\n<li><strong>2008 &#8211; 2022:<\/strong> R\u00eaveber\u00ea Gi\u015ft\u00ee y\u00ea Kar\u00fbbar\u00ean \u00cazidiyan li Wezareta Endewqaf \u00fb Kar\u00fbbar\u00ean Ay\u00een\u00ee, Hik\u00fbmeta Her\u00eama Kurdistan\u00ea.<\/li>\n<li><strong>1997 &#8211; 2008:<\/strong> Mamostey\u00ea Ziman \u00fb Edebiyata Kurd\u00ee li Amadeyiya Malta \u00fb Peymangeha Huner\u00ean Ciwan li Duhok\u00ea.<\/li>\n<\/ul>\n\n<h3>Kar\u00ea Rojnamevan\u00ee \u00fb Ragihandin\u00ea<\/h3>\n<ul>\n<li>Damezr\u00eaner \u00fb Serniv\u00eeskar\u00ea Rojnameya (Deng\u00ea Lale\u015f) bi her du ziman\u00ean Kurd\u00ee \u00fb Ereb\u00ee (di 2003an de hatiye damezrandin).<\/li>\n<li>Damezr\u00eaner \u00fb Xwediy\u00ea \u00cemtiyaz\u00ea y\u00ea Rojnameya (Sp\u020b) bi ziman\u00ea Kurd\u00ee (di 2012an de hatiye damezrandin).<\/li>\n<li>Serniv\u00eeskar\u00ea ber\u00ea y\u00ea Kovara (Lale\u015f) ya ku ji aliy\u00ea Navenda Lale\u015f ya Rew\u015fenb\u00eer\u00ee ve derdiket.<\/li>\n<li>Weke ed\u00eetor \u00fb pa\u015f\u00ea berpirs\u00ea du r\u00fbpelan di rojnameya (Peyman) de kar kiriye (1997-2003).<\/li>\n<li>Endam\u00ea desteya niv\u00eeskar\u00ean kovara edeb\u00ee ya (Peyv).<\/li>\n<li>Niv\u00eeskar\u00ea quncik\u00ean rojane di rojnamey\u00ean (Deng\u00ea Lale\u015f, Peyman, Evro, War, N\u00fbmegaz\u00een) de.<\/li>\n<li>Amadekirina bernamey\u00ean telev\u00eezyon\u00ee \u00fb radyoy\u00ee: (Kokt\u00eal), (\u00c7ira), \u00fb (Mehder).<\/li>\n<\/ul>\n\n<h3>Kar\u00ea di Civaka Siv\u00eel de<\/h3>\n<ul>\n<li><strong>2015 - Niha:<\/strong> Damezr\u00eaner \u00fb R\u00eaveber\u00ea C\u00eebic\u00eekar \u00ea Dezgeha (Demdem) ya Hawar\u00e7\u00fbna Mirov\u00ee li Hewl\u00ear\u00ea (xwed\u00ee sifeta \u015f\u00eawirmendiy\u00ea ye li cem Netewey\u00ean Yekgirt\u00ee).<\/li>\n<li class=\"translation-block\">Serok\u00ea Navenda Lale\u015f ya Rew\u015fenb\u00eer\u00ee \u00fb Civak\u00ee.<\/li>\n<li><strong>2005:<\/strong> Yek ji damezr\u00eaneran \u00fb C\u00eegir\u00ea Serok\u00ea Navenda Duhok ya Rew\u015fenb\u00eer\u00ee.<\/li>\n<li><strong>2004 &#8211; 2005:<\/strong> Mamoste (Waneb\u00eaj) li R\u00eaxistina (Concordia) ya A\u015ft\u00ee \u00fb Demokrasiy\u00ea.<\/li>\n<\/ul>\n\n<h3>Endamet\u00ee<\/h3>\n<ul>\n<li>\u015e\u00eawirmend\u00ea Navenda Ewrop\u00ee ya L\u00eakol\u00een\u00ean Rojhilata Nav\u00een \u2013 Almanya.<\/li>\n<li>Endam\u00ea Yek\u00eetiya Navdewlet\u00ee ya Afir\u00eeneran \/ \u00ceraq.<\/li>\n<li>Endam\u00ea Send\u00eekaya Rojnamevan\u00ean Navdewlet\u00ee, \u00fb Send\u00eekaya Rojnamevan\u00ean Kurdistan\u00ea.<\/li>\n<li>Endam\u00ea Yek\u00eetiya Niv\u00eeskar\u00ean Kurd \/ Duhok.<\/li>\n<li>Endam\u00ea R\u00eaxistina Niv\u00eeskar\u00ean B\u00eas\u00eenor \/ Rojhilata Nav\u00een.<\/li>\n<li>Rah\u00eaner\u00ea Navdewlet\u00ee y\u00ea Bawerp\u00eakir\u00ee di Send\u00eekaya Afir\u00eener\u00ean \u00ceraq\u00ee de.<\/li>\n<\/ul>\n\n<h3>Xelat \u00fb R\u00eazgirtin<\/h3>\n<ul>\n<li><strong>2013:<\/strong> R\u00eazgirtin ji aliy\u00ea Parlamentoya Kurdistan\u00ea ve.<\/li>\n<li><strong>2012:<\/strong> Xelata R\u00eazgirtin\u00ea ji Enc\u00fbmena P\u00eeran (Senato) a Bel\u00e7\u00eekay\u00ea.<\/li>\n<li><strong>2010:<\/strong> Bawernameya R\u00eazgirtin\u00ea ji Dewlet\u00ean Yekb\u00fby\u00ee y\u00ean Amer\u00eekay\u00ea.<\/li>\n<li><strong>2009:<\/strong> R\u00eazgirtin ji aliy\u00ea Serokayetiya \u015earedariya Duhok\u00ea ve.<\/li>\n<\/ul>\n\n<h3>Berhem\u00ean \u00c7apkir\u00ee<\/h3>\n<p><strong>Yekem: Afirandina W\u00eajey\u00ee<\/strong><\/p>\n<ul>\n<li>(Careka Din Ez Hi\u015ftim) - Helbest (2001).<\/li>\n<li>(P\u00eala Z\u00eex\u00ean Re\u015f) - Kurte\u00e7\u00eerok (2018).<\/li>\n<li>(T\u00eerek \u00fb Du Armanc) - Kurte\u00e7\u00eerok (2019).<\/li>\n<li>(\u00c7iray\u00ean Ev\u00een \u00fb Jiyan\u00ea) - Kurte\u00e7\u00eerok (2020).<\/li>\n<li>(Heb\u00fb \u00fb Tuneb\u00fb) - Kurte\u00e7\u00eerok (2020).<\/li>\n<li>(Namey\u00ean \u015eefeq\u00ea) - Kurte\u00e7\u00eerok (2021).<\/li>\n<li>R\u00ea\u015fiy\u00ean Qehwey\u00ea - Kurte\u00e7\u00eerok (2023).<\/li>\n<li>Koma Tevaya \u00c7\u00eerok\u00ean Xeyr\u00ee Bozan\u00ee (Be\u015f\u00ea 1) - Misir (2023).<\/li>\n<li>Min Ji B\u00eer Kir ku Ji B\u00eer Bikim - Kurte\u00e7\u00eerok - Qah\u00eere (2025).<\/li>\n<\/ul>\n\n<p><strong>Duyem: Werger \u00fb L\u00eakol\u00een<\/strong><\/p>\n<ul>\n<li>Werger\u00ean berhem\u00ean Ez\u00eez Nes\u00een \u00fb Ehmed \u00cesma\u00eel.<\/li>\n<li>Diran\u00ean Nerm \u00ean Ejdeha - Nameya Master\u00ea - Qah\u00eere (2025).<\/li>\n<li>(M\u00eer Cefer\u00ea Dasin\u00ee) - L\u00eakol\u00eena D\u00eerok\u00ee (2011).<\/li>\n<\/ul>","protected":false},"excerpt":{"rendered":"<p>\u0627\u0644\u0633\u064a\u0631\u0629 \u0627\u0644\u0630\u0627\u062a\u064a\u0629: \u062e\u064a\u0631\u064a \u0628\u0648\u0632\u0627\u0646\u064a (KHAIRI BOZANI) \u0627\u0644\u0627\u0633\u0645 \u0627\u0644\u0643\u0627\u0645\u0644: \u062e\u064a\u0631\u064a \u0627\u0644\u064a\u0627\u0633 \u0639\u0644\u064a \u062d\u0633\u0646 \u0627\u0644 \u0639\u064a\u0633\u0648 \u062a\u0627\u0631\u064a\u062e \u0648\u0645\u0643\u0627\u0646 \u0627\u0644\u0648\u0644\u0627\u062f\u0629: 01-07-1970\u060c \u0642\u0631\u064a\u0629 \u0628\u0648\u0632\u0627\u0646\u060c \u0646\u0627\u062d\u064a\u0629 \u0627\u0644\u0642\u0648\u0634\u060c \u0645\u062d\u0627\u0641\u0638\u0629 \u0646\u064a\u0646\u0648\u0649\u060c \u0627\u0644\u0639\u0631\u0627\u0642. \u0627\u0644\u062a\u062d\u0635\u064a\u0644 \u0627\u0644\u0639\u0644\u0645\u064a \u062d\u0627\u0644\u064a\u0627\u064b: \u0628\u0627\u062d\u062b \u062f\u0643\u062a\u0648\u0631\u0627\u0647 \u0641\u064a \u0627\u0644\u0639\u0644\u0627\u0642\u0627\u062a \u0627\u0644\u062f\u0648\u0644\u064a\u0629\u060c \u062c\u0627\u0645\u0639\u0629 \u0627\u0644\u0634\u0631\u0642 \u0627\u0644\u0623\u062f\u0646\u0649\u060c \u0646\u064a\u0642\u0648\u0633\u064a\u0627\u060c \u0642\u0628\u0631\u0635. 2023: \u0645\u0627\u062c\u0633\u062a\u064a\u0631 \u0641\u064a \u0627\u0644\u0639\u0644\u0627\u0642\u0627\u062a \u0627\u0644\u062f\u0648\u0644\u064a\u0629 (\u0639\u0646\u0648\u0627\u0646 \u0627\u0644\u0631\u0633\u0627\u0644\u0629: \u0627\u0644\u0642\u0648\u0629 \u0627\u0644\u0646\u0627\u0639\u0645\u0629 \u0641\u064a \u0627\u0644\u0633\u064a\u0627\u0633\u0629 \u0627\u0644\u062f\u0648\u0644\u064a\u0629 &#8211; \u0627\u0633\u062a\u0631\u0627\u062a\u064a\u062c\u064a\u0629 \u0627\u0644\u0635\u064a\u0646 \u0646\u0645\u0648\u0630\u062c\u0627\u064b)\u060c \u062c\u0627\u0645\u0639\u0629 [&hellip;]<\/p>","protected":false},"author":1,"featured_media":343,"parent":0,"menu_order":0,"comment_status":"closed","ping_status":"closed","template":"","meta":{"footnotes":""},"class_list":["post-419","page","type-page","status-publish","has-post-thumbnail"],"_links":{"self":[{"href":"https:\/\/bozani.org\/kmr\/wp-json\/wp\/v2\/pages\/419","targetHints":{"allow":["GET"]}}],"collection":[{"href":"https:\/\/bozani.org\/kmr\/wp-json\/wp\/v2\/pages"}],"about":[{"href":"https:\/\/bozani.org\/kmr\/wp-json\/wp\/v2\/types\/page"}],"author":[{"embeddable":true,"href":"https:\/\/bozani.org\/kmr\/wp-json\/wp\/v2\/users\/1"}],"replies":[{"embeddable":true,"href":"https:\/\/bozani.org\/kmr\/wp-json\/wp\/v2\/comments?post=419"}],"version-history":[{"count":2,"href":"https:\/\/bozani.org\/kmr\/wp-json\/wp\/v2\/pages\/419\/revisions"}],"predecessor-version":[{"id":944,"href":"https:\/\/bozani.org\/kmr\/wp-json\/wp\/v2\/pages\/419\/revisions\/944"}],"wp:featuredmedia":[{"embeddable":true,"href":"https:\/\/bozani.org\/kmr\/wp-json\/wp\/v2\/media\/343"}],"wp:attachment":[{"href":"https:\/\/bozani.org\/kmr\/wp-json\/wp\/v2\/media?parent=419"}],"curies":[{"name":"wp","href":"https:\/\/api.w.org\/{rel}","templated":true}]}}

<figure class="wp-block-image size-full"><img loading="lazy" decoding="async" width="629" height="395" src="https://bozani.org/wp-content/uploads/2026/01/856884Image1-edited.jpg" alt="" class="wp-image-942" srcset="https://bozani.org/wp-content/uploads/2026/01/856884Image1-edited.jpg 629w, https://bozani.org/wp-content/uploads/2026/01/856884Image1-edited-300x188.jpg 300w, https://bozani.org/wp-content/uploads/2026/01/856884Image1-edited-18x12.jpg 18w" sizes="auto, (max-width: 629px) 100vw, 629px" /></figure>



<h2 style="text-align: center;">Xeyrî Bozanî (KHAIRI BOZANI)</h2>
<p style="text-align: center;"><strong>Navê Temam:</strong> Xeyrî Ilyas Elî Hesen Al Îso<br>
<strong>Dîrok û Cihê Jidayikbûnê:</strong> 01-07-1970, Gundê Bozan, Nahiya Elqûş, Parêzgeha Neynewa, Îraq.</p>

<hr />

<h3>Xwendin û Perwerde</h3>
<ul>
<li><strong>Niha:</strong> Lêkolînerê Doktorayê di Pêwendiyên Navdewletî de, Zanîngeha Rojhilata Nêzîk (Near East University), Nîkosiya, Qibris.</li>
<li><strong>2023:</strong> Master di Pêwendiyên Navdewletî de (Navnîşana Nameyê: Hêza Nerm di Siyaseta Navdewletî de - Stratejiya Çînê wekî mînak), Zanîngeha Rojhilata Nêzîk, Nîkosiya, Qibris.</li>
<li><strong>1995:</strong> Bekaloryos di Ziman û Edebiyata Kurdî de, Kolêja Adabê, Zanîngeha Selahedîn, Hewlêr.</li>
</ul>

<h3>Ezmûna Karî û Postên Hikûmî</h3>
<ul>
<li><strong>Niha:</strong> Rawêjkar li Serokayetiya Herêma Kurdistanê.</li>
<li><strong>2022 &#8211; 2023:</strong> Rawêjkarê Karûbarên Êzidiyan li Wezareta Endewqaf û Karûbarên Ayînî, Hikûmeta Herêma Kurdistanê.</li>
<li><strong>2008 &#8211; 2022:</strong> Rêveberê Giştî yê Karûbarên Êzidiyan li Wezareta Endewqaf û Karûbarên Ayînî, Hikûmeta Herêma Kurdistanê.</li>
<li><strong>1997 &#8211; 2008:</strong> Mamosteyê Ziman û Edebiyata Kurdî li Amadeyiya Malta û Peymangeha Hunerên Ciwan li Duhokê.</li>
</ul>

<h3>Karê Rojnamevanî û Ragihandinê</h3>
<ul>
<li>Damezrêner û Sernivîskarê Rojnameya (Dengê Laleş) bi her du zimanên Kurdî û Erebî (di 2003an de hatiye damezrandin).</li>
<li>Damezrêner û Xwediyê Îmtiyazê yê Rojnameya (Spȋ) bi zimanê Kurdî (di 2012an de hatiye damezrandin).</li>
<li>Sernivîskarê berê yê Kovara (Laleş) ya ku ji aliyê Navenda Laleş ya Rewşenbîrî ve derdiket.</li>
<li>Weke edîtor û paşê berpirsê du rûpelan di rojnameya (Peyman) de kar kiriye (1997-2003).</li>
<li>Endamê desteya nivîskarên kovara edebî ya (Peyv).</li>
<li>Nivîskarê quncikên rojane di rojnameyên (Dengê Laleş, Peyman, Evro, War, Nûmegazîn) de.</li>
<li>Amadekirina bernameyên televîzyonî û radyoyî: (Koktêl), (Çira), û (Mehder).</li>
</ul>

<h3>Karê di Civaka Sivîl de</h3>
<ul>
<li><strong>2015 - Niha:</strong> Damezrêner û Rêveberê Cîbicîkar ê Dezgeha (Demdem) ya Hawarçûna Mirovî li Hewlêrê (xwedî sifeta şêwirmendiyê ye li cem Neteweyên Yekgirtî).</li>
<li class="translation-block">Serokê Navenda Laleş ya Rewşenbîrî û Civakî.</li>
<li><strong>2005:</strong> Yek ji damezrêneran û Cîgirê Serokê Navenda Duhok ya Rewşenbîrî.</li>
<li><strong>2004 &#8211; 2005:</strong> Mamoste (Wanebêj) li Rêxistina (Concordia) ya Aştî û Demokrasiyê.</li>
</ul>

<h3>Endametî</h3>
<ul>
<li>Şêwirmendê Navenda Ewropî ya Lêkolînên Rojhilata Navîn – Almanya.</li>
<li>Endamê Yekîtiya Navdewletî ya Afirîneran / Îraq.</li>
<li>Endamê Sendîkaya Rojnamevanên Navdewletî, û Sendîkaya Rojnamevanên Kurdistanê.</li>
<li>Endamê Yekîtiya Nivîskarên Kurd / Duhok.</li>
<li>Endamê Rêxistina Nivîskarên Bêsînor / Rojhilata Navîn.</li>
<li>Rahênerê Navdewletî yê Bawerpêkirî di Sendîkaya Afirînerên Îraqî de.</li>
</ul>

<h3>Xelat û Rêzgirtin</h3>
<ul>
<li><strong>2013:</strong> Rêzgirtin ji aliyê Parlamentoya Kurdistanê ve.</li>
<li><strong>2012:</strong> Xelata Rêzgirtinê ji Encûmena Pîran (Senato) a Belçîkayê.</li>
<li><strong>2010:</strong> Bawernameya Rêzgirtinê ji Dewletên Yekbûyî yên Amerîkayê.</li>
<li><strong>2009:</strong> Rêzgirtin ji aliyê Serokayetiya Şaredariya Duhokê ve.</li>
</ul>

<h3>Berhemên Çapkirî</h3>
<p><strong>Yekem: Afirandina Wêjeyî</strong></p>
<ul>
<li>(Careka Din Ez Hiştim) - Helbest (2001).</li>
<li>(Pêla Zîxên Reş) - Kurteçîrok (2018).</li>
<li>(Tîrek û Du Armanc) - Kurteçîrok (2019).</li>
<li>(Çirayên Evîn û Jiyanê) - Kurteçîrok (2020).</li>
<li>(Hebû û Tunebû) - Kurteçîrok (2020).</li>
<li>(Nameyên Şefeqê) - Kurteçîrok (2021).</li>
<li>Rêşiyên Qehweyê - Kurteçîrok (2023).</li>
<li>Koma Tevaya Çîrokên Xeyrî Bozanî (Beşê 1) - Misir (2023).</li>
<li>Min Ji Bîr Kir ku Ji Bîr Bikim - Kurteçîrok - Qahîre (2025).</li>
</ul>

<p><strong>Duyem: Werger û Lêkolîn</strong></p>
<ul>
<li>Wergerên berhemên Ezîz Nesîn û Ehmed Îsmaîl.</li>
<li>Diranên Nerm ên Ejdeha - Nameya Masterê - Qahîre (2025).</li>
<li>(Mîr Ceferê Dasinî) - Lêkolîna Dîrokî (2011).</li>
</ul>

<p>السيرة الذاتية: خيري بوزاني (KHAIRI BOZANI) الاسم الكامل: خيري الياس علي حسن ال عيسو تاريخ ومكان الولادة: 01-07-1970، قرية بوزان، ناحية القوش، محافظة نينوى، العراق. التحصيل العلمي حالياً: باحث دكتوراه في العلاقات الدولية، جامعة الشرق الأدنى، نيقوسيا، قبرص. 2023: ماجستير في العلاقات الدولية (عنوان الرسالة: القوة الناعمة في السياسة الدولية &#8211; استراتيجية الصين نموذجاً)، جامعة [&hellip;]</p>
